{"id":45,"date":"2026-01-10T22:29:23","date_gmt":"2026-01-10T22:29:23","guid":{"rendered":"https:\/\/abrilmaria.at\/?page_id=45"},"modified":"2026-01-18T13:45:03","modified_gmt":"2026-01-18T13:45:03","slug":"work","status":"publish","type":"page","link":"https:\/\/abrilmaria.at\/?page_id=45","title":{"rendered":""},"content":{"rendered":"\n<div class=\"wp-block-group alignfull has-global-padding is-layout-constrained wp-container-core-group-is-layout-d44f821d wp-block-group-is-layout-constrained\" style=\"margin-top:0;margin-bottom:0;padding-top:var(--wp--preset--spacing--50);padding-bottom:var(--wp--preset--spacing--50)\">\n<div class=\"wp-block-group alignwide is-layout-flow wp-block-group-is-layout-flow\">\n<h2 class=\"wp-block-heading has-text-align-center\" style=\"font-size:clamp(4.371rem, 4.371rem + ((1vw - 0.2rem) * 8.202), 9.6rem);letter-spacing:-0.02em\">Noch ein gro\u00dfes work in Progress&#8230; <\/h2>\n\n\n\n<figure class=\"wp-block-gallery alignwide has-nested-images columns-default is-cropped wp-block-gallery-1 is-layout-flex wp-block-gallery-is-layout-flex\">\n<figure class=\"wp-block-image size-large\"><img loading=\"lazy\" decoding=\"async\" width=\"1788\" height=\"2560\" data-id=\"82\" src=\"https:\/\/abrilmaria.at\/wp-content\/uploads\/2026\/01\/IMG_4078-edited-scaled.jpg\" alt=\"\" class=\"wp-image-82\" srcset=\"https:\/\/abrilmaria.at\/wp-content\/uploads\/2026\/01\/IMG_4078-edited-scaled.jpg 1788w, https:\/\/abrilmaria.at\/wp-content\/uploads\/2026\/01\/IMG_4078-edited-210x300.jpg 210w, https:\/\/abrilmaria.at\/wp-content\/uploads\/2026\/01\/IMG_4078-edited-715x1024.jpg 715w, https:\/\/abrilmaria.at\/wp-content\/uploads\/2026\/01\/IMG_4078-edited-768x1099.jpg 768w, https:\/\/abrilmaria.at\/wp-content\/uploads\/2026\/01\/IMG_4078-edited-1073x1536.jpg 1073w, https:\/\/abrilmaria.at\/wp-content\/uploads\/2026\/01\/IMG_4078-edited-1431x2048.jpg 1431w\" sizes=\"auto, (max-width: 1788px) 100vw, 1788px\" \/><\/figure>\n\n\n\n<figure class=\"wp-block-image size-large\"><img loading=\"lazy\" decoding=\"async\" width=\"1777\" height=\"2560\" data-id=\"83\" src=\"https:\/\/abrilmaria.at\/wp-content\/uploads\/2026\/01\/IMG_4079-edited-scaled.jpg\" alt=\"\" class=\"wp-image-83\" srcset=\"https:\/\/abrilmaria.at\/wp-content\/uploads\/2026\/01\/IMG_4079-edited-scaled.jpg 1777w, https:\/\/abrilmaria.at\/wp-content\/uploads\/2026\/01\/IMG_4079-edited-208x300.jpg 208w, https:\/\/abrilmaria.at\/wp-content\/uploads\/2026\/01\/IMG_4079-edited-711x1024.jpg 711w, https:\/\/abrilmaria.at\/wp-content\/uploads\/2026\/01\/IMG_4079-edited-768x1107.jpg 768w, https:\/\/abrilmaria.at\/wp-content\/uploads\/2026\/01\/IMG_4079-edited-1066x1536.jpg 1066w, https:\/\/abrilmaria.at\/wp-content\/uploads\/2026\/01\/IMG_4079-edited-1421x2048.jpg 1421w\" sizes=\"auto, (max-width: 1777px) 100vw, 1777px\" \/><\/figure>\n<\/figure>\n<\/div>\n<\/div>\n\n\n\n<p>&#8230;aber hier zwei Zeichnungen. Ich bin eine gro\u00dfe Verfechterin davon , dass \u00d6lkreide die coolste Art ist zu Malen.<\/p>\n\n\n\n<p><\/p>\n\n\n\n<p><\/p>\n\n\n\n<div class=\"wp-block-columns alignwide are-vertically-aligned-top is-layout-flex wp-container-core-columns-is-layout-08c01c1c wp-block-columns-is-layout-flex\">\n<div class=\"wp-block-column is-vertically-aligned-top is-layout-flow wp-block-column-is-layout-flow\">\n<figure class=\"wp-block-video\"><video height=\"1280\" style=\"aspect-ratio: 720 \/ 1280;\" width=\"720\" controls src=\"https:\/\/abrilmaria.at\/wp-content\/uploads\/2026\/01\/eaf1098706664712bdbcebc31071f1f6-2.mov\"><\/video><\/figure>\n\n\n\n<p><\/p>\n<\/div>\n\n\n\n<div class=\"wp-block-column is-vertically-aligned-top is-layout-flow wp-block-column-is-layout-flow\">\n<div class=\"wp-block-group wp-container-content-231d8afb is-vertical is-layout-flex wp-container-core-group-is-layout-05b43539 wp-block-group-is-layout-flex\" style=\"margin-top:0;margin-bottom:0\">\n<div class=\"wp-block-group is-vertical is-nowrap is-layout-flex wp-container-core-group-is-layout-5280e479 wp-block-group-is-layout-flex\">\n<div style=\"height:0px\" aria-hidden=\"true\" class=\"wp-block-spacer wp-container-content-f96796aa\"><\/div>\n\n\n\n<p class=\"has-medium-font-size\">Au\u00dferdem filme ich oft f\u00fcr mein Instagram oder bin bei Drehs dabei wuhu!<\/p>\n\n\n\n<p class=\"has-small-font-size\"><\/p>\n<\/div>\n\n\n\n<figure class=\"wp-block-image size-large\" style=\"font-size:14px\"><img loading=\"lazy\" decoding=\"async\" width=\"768\" height=\"1024\" src=\"https:\/\/abrilmaria.at\/wp-content\/uploads\/2026\/01\/03e476ed-fb8b-498c-8436-45ab13520ed9-1-768x1024.jpg\" alt=\"\" class=\"wp-image-106\" srcset=\"https:\/\/abrilmaria.at\/wp-content\/uploads\/2026\/01\/03e476ed-fb8b-498c-8436-45ab13520ed9-1-768x1024.jpg 768w, https:\/\/abrilmaria.at\/wp-content\/uploads\/2026\/01\/03e476ed-fb8b-498c-8436-45ab13520ed9-1-225x300.jpg 225w, https:\/\/abrilmaria.at\/wp-content\/uploads\/2026\/01\/03e476ed-fb8b-498c-8436-45ab13520ed9-1-1152x1536.jpg 1152w, https:\/\/abrilmaria.at\/wp-content\/uploads\/2026\/01\/03e476ed-fb8b-498c-8436-45ab13520ed9-1.jpg 1200w\" sizes=\"auto, (max-width: 768px) 100vw, 768px\" \/><\/figure>\n\n\n\n<p><\/p>\n<\/div>\n<\/div>\n<\/div>\n\n\n\n<p>Wow cooles Video!!<\/p>\n\n\n\n<div class=\"wp-block-columns alignwide are-vertically-aligned-top is-layout-flex wp-container-core-columns-is-layout-08c01c1c wp-block-columns-is-layout-flex\">\n<div class=\"wp-block-column is-vertically-aligned-top is-layout-flow wp-block-column-is-layout-flow\">\n<figure class=\"wp-block-video\"><video height=\"1008\" style=\"aspect-ratio: 1790 \/ 1008;\" width=\"1790\" controls src=\"https:\/\/abrilmaria.at\/wp-content\/uploads\/2026\/01\/IMG_4035-2.mov\"><\/video><\/figure>\n<\/div>\n<\/div>\n\n\n\n<figure class=\"wp-block-embed is-type-video is-provider-youtube wp-block-embed-youtube wp-embed-aspect-16-9 wp-has-aspect-ratio\"><div class=\"wp-block-embed__wrapper\">\n<iframe loading=\"lazy\" title=\"Latino TV Austria - Weihnachtsmarkt Karlsplatz\" width=\"500\" height=\"281\" src=\"https:\/\/www.youtube.com\/embed\/Y2Gsu_SDqgA?feature=oembed\" frameborder=\"0\" allow=\"accelerometer; autoplay; clipboard-write; encrypted-media; gyroscope; picture-in-picture; web-share\" referrerpolicy=\"strict-origin-when-cross-origin\" allowfullscreen><\/iframe>\n<\/div><\/figure>\n\n\n\n<p>Ich war auch einmal im Fernsehen, falls man mich f\u00fcr einen Reportage Gig buchen m\u00f6chte! \ud83d\ude09<\/p>\n\n\n\n<p><\/p>\n","protected":false},"excerpt":{"rendered":"<p>Noch ein gro\u00dfes work in Progress&#8230; &#8230;aber hier zwei Zeichnungen. Ich bin eine gro\u00dfe Verfechterin davon , dass \u00d6lkreide die coolste Art ist zu Malen. Au\u00dferdem filme ich oft f\u00fcr mein Instagram oder bin bei Drehs dabei wuhu! Wow cooles Video!! Ich war auch einmal im Fernsehen, falls man mich f\u00fcr einen Reportage Gig buchen [&hellip;]<\/p>\n","protected":false},"author":1,"featured_media":0,"parent":0,"menu_order":0,"comment_status":"closed","ping_status":"closed","template":"","meta":{"footnotes":""},"class_list":["post-45","page","type-page","status-publish","hentry"],"_links":{"self":[{"href":"https:\/\/abrilmaria.at\/index.php?rest_route=\/wp\/v2\/pages\/45","targetHints":{"allow":["GET"]}}],"collection":[{"href":"https:\/\/abrilmaria.at\/index.php?rest_route=\/wp\/v2\/pages"}],"about":[{"href":"https:\/\/abrilmaria.at\/index.php?rest_route=\/wp\/v2\/types\/page"}],"author":[{"embeddable":true,"href":"https:\/\/abrilmaria.at\/index.php?rest_route=\/wp\/v2\/users\/1"}],"replies":[{"embeddable":true,"href":"https:\/\/abrilmaria.at\/index.php?rest_route=%2Fwp%2Fv2%2Fcomments&post=45"}],"version-history":[{"count":21,"href":"https:\/\/abrilmaria.at\/index.php?rest_route=\/wp\/v2\/pages\/45\/revisions"}],"predecessor-version":[{"id":132,"href":"https:\/\/abrilmaria.at\/index.php?rest_route=\/wp\/v2\/pages\/45\/revisions\/132"}],"wp:attachment":[{"href":"https:\/\/abrilmaria.at\/index.php?rest_route=%2Fwp%2Fv2%2Fmedia&parent=45"}],"curies":[{"name":"wp","href":"https:\/\/api.w.org\/{rel}","templated":true}]}}